e the second derivative of z(t). Give n(3).
-8
Let q(c) = c**3 - 5*c**2 + 5*c. Let n be q(4). Let k be 1/4 + 31/n. Suppose 2*r + k*i - 3*i = -18, -r - 3*i - 10 = 0. Let l(m) = m**2 + m - 4. Determine l(r).
8
Suppose 0*w = 2*w - 10. Let b(o) = o**3 - 6*o**2 + 7*o - 4. Calculate b(w).
6
Let j(v) be the second derivative of 0 + 5/6*v**3 - 1/12*v**4 - 5/2*v**2 + 2*v. Let u = -8 + 13. Give j(u).
-5
Let i(c) = c**3 + 5*c**2 - 3*c + 8. Let o = -20 + 14. Calculate i(o).
-10
Let p(h) be the third derivative of h**4/12 + 4*h**3/3 - 13*h**2. Give p(-6).
-4
Let d(n) = -n - 2. Suppose m = -3*k - 3 + 2, 10 = -2*k + 4*m. Let f = 3 + k. Give d(f).
-4
Let b(w) = 2*w + 9. Let n = -13 + 7. Give b(n).
-3
Let q be (-6)/9*(-6)/(-4). Let i be 1*(2 + (q - -2)). Let d(u) = -6*u - i*u**2 + 1 + u**2 + u**2. Determine d(-5).
6
Let l(q) = 3*q - q - 2*q + 3*q - 8. Let z be ((-18)/(-4))/((-6)/(-8)). Give l(z).
10
Suppose 13*u = 5*u - 56. Let w(h) = h + 12. What is w(u)?
5
Let x(u) = -u - 3. Let t be x(-5). Let p(f) = -3*f - t*f + f - 2*f. Determine p(1).
-6
Let m(t) = 13 + 6*t**3 + 5 - 11*t**2 - 3 - 5*t**3 - t. What is m(11)?
4
Let k be (-5)/7 - (-6)/(-21). Let w(i) = i**2 - i. Let c(u) = 4 + 4*u**2 - 1 - 2 + 2*u. Let o(p) = -c(p) - w(p). Determine o(k).
-5
Let n = 4 + -2. Let h(d) = -n*d + 3*d - 6 - 2*d**2 + 3*d**2. What is h(0)?
-6
Let c = -10 - -16. Let q(i) = -1. Suppose 5 = 5*l - 0*l. Let u(r) = -3*r + 2. Let h(a) = c*q(a) + l*u(a). What is h(-4)?
8
Let d = -4 - 5. Let g(j) = -j - 9. Let m be g(d). Suppose q - 2*q - 3 = m. Let f(b) = b**2 + 5*b + 2. Calculate f(q).
-4
Let p(w) = 6*w**2 + w. Let q be p(-1). Let v(h) = -h**3 + 0*h**3 + 2 - 3. Let m(o) = -o**3 - 4*o**2 - 5*o. Let i(f) = -m(f) + 2*v(f). Calculate i(q).
-2
Let a be (-2)/(-4)*(1 + 3). Let n(b) = 8*b - b**a + 3*b**2 - 2*b**2 - 5*b**2 + 9 - b**3. Suppose -4*v - 30 = 5*g, -6*g - v = -2*g + 24. What is n(g)?
-3
Let o(l) = l**3 + 4*l**2 + 5*l + 2. Suppose 9 = -3*h - 0. What is o(h)?
-4
Let f(y) = -y**2 - 1 - 13 + 3. What is f(0)?
-11
Let o(c) = 6*c**2 + c + 2. Let y(i) = -i**2 - 1. Let g(x) = -o(x) - 4*y(x). Let p(d) = -d**2 + 8*d - 4. Let n be p(4). Suppose -l - 5*l - n = 0. Calculate g(l).
-4
Let y be (5/10)/((-1)/10). Let k = -2 - y. Suppose 0 = 3*o - 6*u + 5*u + k, -5*o - 5 = -3*u. Let r(c) = -8*c. Determine r(o).
8
Let b(u) = 2*u**2 - 4*u - 7. Let v(i) = i**2 - 5*i - 6. Let r(q) = 2*b(q) - 3*v(q). Suppose 11 = l - 9. Suppose 8 - l = 4*o. Give r(o).
-8
Let y be (-1)/1*(13 - 2). Suppose 0 = -s - 5*t - 6, 0 = -3*s - 0*s - t - 32. Let l be (-3 + -1)/(s/y). Let u(c) = -c - 5. Calculate u(l).
-1
Let b(d) = d - 8. Let t be b(12). Suppose -l + t = l. Let x(v) = -1 + 1 - 3 - v + l. Determine x(2).
-3
Let n be 5 - 2 - 2/(-2). Let s(z) = 3 - n + 2 - z. Determine s(-6).
7
Let w(t) = -40*t + 2*t**2 - 3*t**2 + 33*t. Give w(-6).
6
Suppose 4*s = s + 3. Let p(j) be the second derivative of -3*j**6/40 + j**5/60 - j**3/6 + 2*j**2 - 2*j. Let r(c) be the first derivative of p(c). Give r(s).
-9
Let a(n) = 7 + n**3 - 2 - n**2 + 0 + n + 5*n**2. What is a(-4)?
1
Let z(l) = -l**3 - 12*l**2 + 13*l + 3. Let w be z(-13). Let b = -1 + w. Let h(a) = 2 - 4 - b*a + a. Calculate h(-4).
2
Let u(j) = 2*j**2 - 3*j - 2. Let t = 6 + -2. Let q be t/14 - 214/14. Let a be (18/q)/((-4)/10). Give u(a).
7
Let d(u) = -u**2 - 5*u. Let w be d(-5). Let g(h) = -h**2 + h - 4. Let f be g(w). Let z(x) be the second derivative of -x**3/6 + 2*x. What is z(f)?
4
Suppose 4*r + 4*u = -16, -4 = -5*r - 2*u - 27. Let s(a) = a**3 + 4*a**2 - 4*a + 4. Determine s(r).
-1
Let u(s) = s**2 - 4*s - 1. Let d = -16 - -21. What is u(d)?
4
Let w(v) = v**3 - v - 5. Let k = -5 + 5. Suppose k = -3*q - q. Suppose 5*y + 10 = q, -5*b + 3*y + 4 = y. Calculate w(b).
-5
Suppose -4*a - 25 = a. Let u(f) = 30*f + 0 - 31*f - 4. Give u(a).
1
Let x(s) = 3*s**3 - 2*s**2 + 3*s - 6. Let d(o) = -3*o**3 - o + 2*o**2 - 6 - o**2 + 5 + 2*o**3. Let r(i) = -2*d(i) - x(i). Give r(0).
8
Let b(c) be the first derivative of 2*c**3/3 - 2*c**2 + 2*c + 2. Let m be b(2). Let t(r) = -r**3 + 2*r**2 - r - 1. What is t(m)?
-3
Suppose -2*w + 7 = -1. Let q(m) = -2*m**2 + 5*m - 1. Let i(p) = 2*p**2 - 5*p. Let a(x) = -5*i(x) - 4*q(x). What is a(w)?
-8
Let u(s) = -5*s**3 + 0*s**2 + s**2 - s**3 + 0*s**2. Let b be -2 - -1 - 6*2/(-6). Give u(b).
-5
Let x(z) = 11*z + 14. Let y(a) = 6*a + 7. Let o(w) = -4*x(w) + 7*y(w). Give o(-6).
5
Suppose -a + 0*a + 4 = 0. Let k(g) be the third derivative of -g**4/12 + 3*g**3/2 - g**2. Let n(o) = -2*o + 10. Let t(m) = 4*k(m) - 3*n(m). Determine t(a).
-2
Let m(q) be the second derivative of -q**4/12 - 5*q**3/6 + 4*q**2 - q. Let a be m(-6). Let u(o) = a*o - 2 + o**3 + 5 + 3*o**2 + 0*o. Give u(-2).
3
Let u(x) = -3*x + x**2 + 9*x - 31 + 33. Give u(-7).
9
Let f(w) = w**2 - 4*w - 6. Let c = 24 - 24. Suppose c = -3*l + 19 - 4. Calculate f(l).
-1
Let p(s) be the third derivative of s**4/12 + 25*s**3/6 + 2*s**2. Let d = -5 + 16. Let b(n) = n + 13. Let o(q) = d*b(q) - 6*p(q). What is o(-6)?
-1
Let u(r) = -r**3 - 4*r**2 - r - 1. Let g be u(-4). Suppose 8*f - 2*v = 3*f - 40, 4*v = -g*f + 2. Let a(j) = j + 3. What is a(f)?
-3
Let v be (-2)/(-4) - (-9)/(-2). Let o be 30/(-20) + 9/2. Let h(b) = o*b - 9 - 4*b + 0*b. Calculate h(v).
-5
Let l be ((-87)/24 + 4)/9. Let u(d) be the third derivative of -1/6*d**3 + 1/12*d**5 + 1/120*d**6 - 2*d**2 + 0*d - l*d**4 + 0. Give u(-5).
4
Let z = 19 - 17. Let f(u) = -2*u**2 - 3*u**2 + 7*u**z - 2. What is f(-2)?
6
Let g(n) be the third derivative of 1/60*n**5 + 0*n + 0 + 0*n**3 - 1/12*n**4 + n**2. Determine g(3).
3
Let t(y) = 2*y**2 - 2*y + 4. Let s(w) = -4*w**2 + 3*w - 9. Let u(g) = -2*s(g) - 5*t(g). Let q(h) = -h - 5. Let p be q(-7). Calculate u(p).
-2
Let v(x) be the second derivative of 3*x**5/20 - 7*x**4/12 + x**3/2 - 9*x**2/2 - 3*x. Let j(h) = -h**3 + h**2 + 1. Let y(w) = -4*j(w) - v(w). What is y(-4)?
1
Let m(k) = k + 5. Let i be m(-3). Let w(u) = 10*u**2 + 2 + 3*u - 6*u**i + 2 + u**3. What is w(-3)?
4
Let k be ((-2)/3)/(3/18). Let z(h) = h + 8. Give z(k).
4
Let r(q) = q**3 + 9*q**2 - 6*q + 8. Let o(i) = -6*i**3 - 46*i**2 + 30*i - 41. Let x(u) = -2*o(u) - 11*r(u). Calculate x(6).
-6
Let a(k) = 2*k**2 - k**2 - 2*k**2. Suppose -9*b + 6*b - 54 = 0. Let z = 20 + b. Give a(z).
-4
Let j(y) be the third derivative of y**7/2520 + y**6/144 + y**4/12 - 4*y**2. Let z(c) be the second derivative of j(c). Calculate z(-5).
0
Let k(m) = m**3 - 6*m**2 - 9*m + 9. Let p be (-7)/(7/(-6)) - -1. Calculate k(p).
-5
Let t(l) = -6*l - 4. Let n(y) = 11*y + 8. Let o(w) = 4*n(w) + 7*t(w). Suppose 6*q + 5*k + 19 = 4*q, 4*q = k + 17. Determine o(q).
10
Let b = -7 + 11. Let g(y) = y - 4. Let p be g(b). Let a be (1 - p/1) + 1. Let w(m) = -2*m**2 - m + 1. Determine w(a).
-9
Let i(c) = -c**2 - 17 - 9 + 27 - 8*c. Determine i(-6).
13
Let j(x) = -x - 8. Let f = -13 - -7. Give j(f).
-2
Let k(s) = 4*s + 10. Suppose t = -8 - 4. Let f be -6*-2*(-3)/t. Let q(i) = -7*i - 19. Let o(r) = f*q(r) + 5*k(r). What is o(0)?
-7
Let d(q) be the third derivative of q**5/60 - 7*q**4/24 + 5*q**3/6 + 7*q**2. Give d(6).
-1
Let q be (-3)/4 - (-3)/(-12). Let f(g) = -4*g. Determine f(q).
4
Let n(k) = k + 116*k**2 + 2 - k - 117*k**2. Give n(3).
-7
Let d(i) = i + 10. Let w be d(-5). Let z(n) = n**2 - 3*n - 1. Calculate z(w).
9
Let a(z) = -3*z**3 - 8*z**2 + 11*z + 11. Let o(f) = -2*f**3 - 8*f**2 + 10*f + 10. Let b(u) = 3*a(u) - 4*o(u). Calculate b(7).
-7
Let w(p) = -p**2 - 4*p + 1. Suppose 14 = -4*j + 4*q - 18, -3*q + 8 = j. Determine w(j).
1
Let k(g) = g**2 - 4*g - 8. Let z be k(6). Suppose 5*l + 9 = -2*p, -5*l - z*p = -0 + 3. Let j(v) = -v**2 + 4. What is j(l)?
-5
Let f(h) = 4*h**2 + h - 2. Suppose -5*l + 3*l - 6 = -2*s, 4*s + 18 = -2*l. Give f(s).
12
Let m(v) = -15*v - 1. Let g be m(1). Let p = 14 + g. Let n(d) = d**3 + 2*d**2 - 2*d. Calculate n(p).
4
Let y(t) = 4*t. Let j = -1 + 7. Suppose -4 = 5*i - s + j, -i - 8 = s. Let x = i + 4. Determine y(x).
4
Let v(w) be the second derivative of w**3/6 + w**2/2 + 7*w. Suppose -4*m = 34 - 6. Calculate v(m).
-6
Let j(b) be the first derivative of b**4/4 + b**3 - 3*b**2/2 - 2*b - 3. Determine j(-4).
-6
Let l(p) = 41 - 6*p**2 - 40 + p + 19*p**2. Let s be (-1)/(-2)*-1*2. Calculate l(s).
13
Let o(j) be the second derivative of -j**5/20 + 5*j**4/12 - 5*j**3/6 + 5*j**2/2 + j. Determi